s of v.
2, 7
Let y = 19 + -14. Let u(z) = -z**2 + 5*z + 3. List the prime factors of u(y).
3
Let a(p) = 5*p**2 + 4*p + 7. List the prime factors of a(-3).
2, 5
Let t = 39 - 21. List the prime factors of t.
2, 3
Let u(x) = 101*x**2 - 2*x - 1. Let t be u(-1). Suppose 0*f + 3*f - t = 0. Suppose 3*y - 20 = f. What are the prime factors of y?
2, 3
Let k(a) = -a**3 + 7*a**2 + 2*a + 4. List the prime factors of k(7).
2, 3
Let w(v) = 5*v**3 - 3*v**2 + 5*v - 15. List the prime factors of w(3).
2, 3
Let v be (-4)/(-14) + 80/14. Let f = 4 + v. List the prime factors of (-2)/(1 + f/(-8)).
2
Suppose 2*o = 4*b - 14, 5*b - 5*o = -1 + 21. Let c = -4 + b. List the prime factors of c/(2/(32/(-2))).
2
Suppose 5 = w + 4*w. Let r be 0 - (w + (-1 - 1)). What are the prime factors of (1 + r - 2) + 3?
3
Let d = 21 + 3. What are the prime factors of (d/(-20))/(2/(-5))?
3
Let v = 208 - 137. List the prime factors of v.
71
Suppose -3*g + 8*g - 425 = 0. What are the prime factors of g?
5, 17
Let n(x) = -2*x + 38. Let v = -5 + 5. List the prime factors of n(v).
2, 19
Let w(a) be the second derivative of a**4/6 - 2*a**3/3 - 2*a**2 - 9*a. List the prime factors of w(6).
2, 11
Let x be (0 + 0 + 0)/1. Let v be (-1 - -2)*x + -8. Let r = -1 - v. What are the prime factors of r?
7
What are the prime factors of 36/8*(-6)/(-1)?
3
What are the prime factors of 8547/35 - (1 - 3)/(-10)?
2, 61
Let v be 2 - 2*(-3)/3. Let t = 1 + v. Suppose -4 = -n + t. List the prime factors of n.
3
Suppose -4*d = -59 - 45. List the prime factors of d.
2, 13
Suppose -68 = -n - 2*l + 3*l, 3*n - 199 = 2*l. List the prime factors of n.
3, 7
Let q be -11*(-2 + 10/2). Let u = q + 46. List the prime factors of u.
13
Suppose 128 = 4*c + 5*v, 0*v + v = c - 23. What are the prime factors of c?
3
Let k(u) = -u**2 - u + 2. Let m be k(0). Let p be 3/(-6) - (-59)/m. Suppose p - 2 = 3*b. What are the prime factors of b?
3
Let o be (-1 + 3)/((-8)/(-36)). Let v be (1 - (-2)/(-3))*3. What are the prime factors of o + (0 - (v - -1))?
7
Suppose -4*w = 4*i - 24, -2*w - 13 = -5*i - 4. Suppose -3*v + u + 25 = 0, v - 4*u = 4 - i. What are the prime factors of v?
3
Let t(a) = -a. Let x be t(-1). Let k(b) = -3 + 7*b + 4*b**2 + x - b**3 + 0*b**3. List the prime factors of k(5).
2
Let p = 176 + -109. List the prime factors of p.
67
Suppose 6*y - 113 - 121 = 0. What are the prime factors of y?
3, 13
Let p be 1/3 - 8/6. Let c be 20/(-5) - (p - 2). What are the prime factors of 20*6/(-15)*c?
2
Let w = 1 - 0. Let i be (-2 + w)*-1*4. Suppose 3*v - 2*d - 41 = 0, v - i*d - 27 = -0*v. What are the prime factors of v?
11
Suppose 2*a = 3*u + 80, a - 4*u = 4*a - 120. Suppose 4*t - z = -5*z + a, z + 62 = 5*t. What are the prime factors of t?
2, 3
Suppose 2*v + v = 36. Suppose l - v = 7. List the prime factors of l.
19
Suppose 5*c + 4*h - 573 = 0, -h + 465 = 6*c - 2*c. List the prime factors of c.
3, 13
Let t(o) = 4 + 9*o + o - o**2 + 5 - 5. List the prime factors of t(9).
13
Suppose -2*j + 16 = -3*r - 11, -2*r = 2*j - 12. Suppose -3*o + 2*z + j = -6, -2*o - z = -3. List the prime factors of o.
3
Suppose -3*w + 0 = 3*f - 3, -3*w = 4*f + 1. List the prime factors of w.
5
Suppose 234 = -5*i + 1809. List the prime factors of i.
3, 5, 7
Let c(k) = 23*k - 50. List the prime factors of c(14).
2, 17
Let k = -98 - -186. Let b = k - 38. What are the prime factors of b?
2, 5
Suppose 0*i + 2*v = 3*i - 15, -2*i = -4*v - 10. Suppose -2*j + 5*j + 15 = 0, i*j = 4*k - 89. What are the prime factors of k?
2
Suppose 5*s - 7*s = -28. Let m = s - 10. List the prime factors of m.
2
List the prime factors of 23 + (3 - (3 + -2)).
5
Let x(i) = -6*i - 7. Let c(d) = -7*d - 6. Let a(n) = -5*c(n) + 6*x(n). Let m be a(0). List the prime factors of (-6)/m - (-33)/2.
17
Let q(u) = 9*u**2 - 2*u + 1. Let g be q(1). Let l = 0 + g. What are the prime factors of l?
2
Suppose 3*x = -0*k - k + 12, -x - 4*k = -4. Suppose -3*d = -x - 11. What are the prime factors of d?
5
Let l(d) = 3*d**2 - 2. Let k be l(2). Let s = -2 + k. Suppose -2*p + p + f + s = 0, 2*f = -8. List the prime factors of p.
2
Let o(u) be the first derivative of -u**2/2 + 8*u - 1. What are the prime factors of o(0)?
2
Let n(z) = z + 12. Suppose 0*t - t = 9. What are the prime factors of n(t)?
3
Let h(f) = 18*f**2 - 3*f - 3. List the prime factors of h(-2).
3, 5
Suppose -2*c + 0*c + 8 = 0. Let f(g) = g**3 - 7*g**2 + 2*g + 2. Let h(w) = w**2 + w + 1. Let n(r) = f(r) + 2*h(r). What are the prime factors of n(c)?
2
Let n(z) = z + 13. Let o be n(-8). Suppose -o*t + 0*t = -135. Suppose 4*y = -4*s - 3 + t, -s + 42 = 5*y. List the prime factors of y.
3
Suppose 0 = -5*n + n + 680. What are the prime factors of n?
2, 5, 17
List the prime factors of (-14 + -1 + 3)*-1.
2, 3
Suppose -a + 22 = -3*j, 0 = 2*a + 3*j - 0 - 8. What are the prime factors of a?
2, 5
Let f(z) = -z**2 - 7*z + 10. Let u be f(-8). Suppose 4*d - 4*p + 4 = 0, u*p - 3 = 4*d - 3*d. List the prime factors of ((-1 - -1) + d)*9.
3
Let b(m) = m**3 + 2*m**2 - 2*m + 3. Let g be b(-3). What are the prime factors of (2 + g - 2) + 3?
3
Let f = 6 + -2. Suppose f*y - 3*a - 109 = 0, 5*y - 4*a + a = 137. Suppose -2*j = -j + s - 4, 2*j = 3*s + y. What are the prime factors of j?
2
Let w(i) = 4*i + 7. Let c(o) = 11*o + 21. Let r(b) = -6*c(b) + 17*w(b). List the prime factors of r(16).
5
Let n(x) = -x**3 + 6*x**2 - x + 5. Let y = 13 - 8. List the prime factors of n(y).
5
Suppose 5*a = 10*a - 355. List the prime factors of a.
71
Let f = -13 - -9. Let u = -1 - f. What are the prime factors of -1 + (18/1)/u?
5
Let y(n) = 2 + n**2 - 5*n + 3 + 0*n. Suppose 4*l + 3*s = 30, 6 = 2*l - 3*s - 0. List the prime factors of y(l).
11
Suppose -5*u - 22 = -4*t, 0*u + 2*u = -5*t + 44. What are the prime factors of (t/10)/(8/60)?
2, 3
List the prime factors of 4 + 1*(-100)/8*-14.
179
Suppose 0 = 2*s + 5*g - 281, g = 5*s + 4*g - 693. Suppose c - 46 = -5*h, 0 = 5*c + 3*h - h - s. What are the prime factors of c?
2, 13
Let f(t) be the first derivative of -t**2/2 + t + 1. Let j be f(-7). Let u = j + -5. What are the prime factors of u?
3
Suppose 0 = 3*s - 2*c - 2, -2 = -4*s + 5*s + 2*c. Suppose 3*g = 7*g + 5*h - 8, s = -4*h. List the prime factors of g.
2
Suppose 0 = -0*g + 3*g - 4*w - 184, -3*w = g - 57. Suppose 4*x - g = -0*x. What are the prime factors of x?
3, 5
Let z = -140 - -254. List the prime factors of z.
2, 3, 19
Suppose 0 = 2*k - 14. What are the prime factors of 178/k + (-56)/(-98)?
2, 13
Let q(n) = 2*n**2 + 3*n - 1. Let o be 0 + (0 - (5 - 2)). List the prime factors of q(o).
2
Let n = 587 + -351. What are the prime factors of n?
2, 59
Suppose 96 = 4*w + b + 2*b, 0 = -2*w + b + 48. What are the prime factors of w?
2, 3
Suppose -2*w - 4*z + 77 = -39, -3*z + 252 = 4*w. Suppose -2*v - w = -5*v. What are the prime factors of v?
2, 11
Suppose -3*m = 2*m - 100. Suppose 0 = 2*o + 3*o - m. List the prime factors of o.
2
What are the prime factors of (3/6)/((-1)/(-26))?
13
Let i = 11 + -5. Suppose -10 = 4*c - 0*x + 5*x, 0 = 4*c - 3*x - i. Suppose -4*v = -c*v - 60. List the prime factors of v.
3, 5
Let c = 21 + 28. Let t = c + -34. What are the prime factors of t?
3, 5
Let n = 245 + -161. What are the prime factors of n?
2, 3, 7
Suppose -2*r - 98 = -2*f, -2*r = -4*f + r + 197. List the prime factors of f.
2, 5
Suppose -10 = -5*f, 0 = -0*x + 5*x - f - 1093. List the prime factors of x.
3, 73
Let y be 0/(-4 - -2) - -2. Let a = y - 2. Suppose 3*m - 3*c = a, -3*m - 4*c = -2*c - 10. What are the prime factors of m?
2
Let l be (3/2)/((-2)/(-8)). Let p(y) = y**2 - 7*y + 4. Let z be p(l). Let a = z - -14. What are the prime factors of a?
2, 3
Let b(g) = g**3 - 2*g**2 - g + 48. List the prime factors of b(0).
2, 3
Let s(a) = -a + 1. Let t(f) = 5*f**2 + 5*f - 3. Let g(z) = z**3 + z**2 + 1. Let y(n) = g(n) + t(n). Let o be y(-5). List the prime factors of s(o).
3
Let q = 11 - 7. Let w = q + 8. List the prime factors of w.
2, 3
Let b(i) = 3*i**2 - 3*i + 2. Let j be b(2). Let l = 11 - j. What are the prime factors of 3/((-5)/((-55)/l))?
11
Suppose 5*t = 4*y - 6*y + 23, -5*y = -2*t - 43. Let u(m) = -m**2 - m + 2. Let n be u(0). Suppose y = n*d - 1. What are the prime factors of d?
5
Suppose -3*j = -72 + 21. Suppose 15 = -3*g, -3*g = x - 6*g - j. What are the prime factors of 1/x*(-120)/(-5)?
2, 3
Let 